 Calculate the highest common divisor of 50 and f.
10
Let h = 4 - 4. Suppose h = -4*y + 187 - 51. What is the highest common factor of 85 and y?
17
Let a be -1 - -1 - 0/(-4). Suppose 26 = 2*c - a*c. Calculate the greatest common divisor of 117 and c.
13
Let w = 29 - 6. Calculate the greatest common factor of 253 and w.
23
Let v be (-3)/2*-1*2. Let t = v + -3. Suppose 0 = -t*o + 2*o - 20. Calculate the greatest common divisor of o and 25.
5
Suppose -4 = -2*x + 4. Let c(j) = -j**2 + 8*j - 5. Let l be c(7). What is the highest common factor of l and x?
2
Let y = -9 + 18. Let f = 21 - 3. Calculate the highest common factor of f and y.
9
Let l be 2/1 + (-2 - -12). Let z be 5/((-75)/l)*-10. Let n be z/(-10)*70/(-4). Calculate the highest common factor of n and 56.
14
Let o(x) = 2*x**2 + 3*x - 4. Let y be o(-3). Calculate the highest common factor of y and 10.
5
Suppose -2*i = -i - 2. Suppose -10 = -i*c + 8. Calculate the highest common divisor of c and 9.
9
Suppose -4*o + 170 = 5*h, -2*h + 41 = -3*o - 4. What is the greatest common factor of 120 and h?
30
Let n(t) = -2*t + 4. Let z(q) = 1. Let f(k) = n(k) - 5*z(k). Let c be f(-5). What is the highest common factor of 36 and c?
9
Let t = 12 - 4. Let b(d) = d**2 - 8*d + 5. Let f be b(t). Suppose -3 = -f*c + u + 3, 5*c + 4*u - 1 = 0. Calculate the greatest common factor of c and 5.
1
Let c = 11 - 1. Calculate the highest common factor of c and 20.
10
Let s be -1 + 18 - 1/1. What is the greatest common factor of 24 and s?
8
Suppose -4*v + 90 = 2*v. What is the highest common factor of v and 135?
15
Let b = -8 + 15. Let r = 74 + -53. Calculate the greatest common divisor of r and b.
7
Let l be (-12)/(-3)*3/6 - -8. Calculate the greatest common divisor of 65 and l.
5
Let z(t) = -2*t - 7. Let v be z(-6). Suppose -2*w - v = -w. Let h be (-12)/w*60/8. What is the highest common divisor of h and 18?
18
Let x = 3 - -1. Suppose 0 = -7*n + 2*n - 3*j + 180, 108 = 3*n + 3*j. Calculate the highest common factor of n and x.
4
Suppose 2*y - 7*y = 15. Let k be 0 - -1 - y/3. Suppose -k*t = 2*t - 320. What is the highest common divisor of t and 16?
16
Let f(q) = 296*q**2 - q + 2. Let m be f(1). Calculate the highest common factor of 27 and m.
27
Suppose -k + 245 = 2*f - 2*k, -5*k = 25. Calculate the greatest common factor of 15 and f.
15
Let b(a) = -4*a - 1. Let c be b(-1). Let i(n) = 25*n**2 + 7*n - 8. Let o be i(1). What is the greatest common factor of o and c?
3
Suppose 131 = c + 19. Let i = 5 - -9. What is the highest common divisor of i and c?
14
Let r = -56 + 74. What is the greatest common factor of r and 234?
18
Let t = 100 + -4. What is the greatest common factor of t and 12?
12
Suppose 0*h - 3*h + 255 = 0. What is the greatest common divisor of 17 and h?
17
Let d = 53 + -44. Calculate the greatest common factor of d and 18.
9
Suppose 5*j - 367 = -4*r, -3*r + 128 + 91 = 3*j. What is the greatest common divisor of 30 and j?
15
Suppose -88 = -2*y - 0. Suppose -4*b - b + 20 = 0. Calculate the highest common divisor of y and b.
4
Suppose -11*c + 38 = -17. Suppose -4*s = -3*r - 0*r + 79, -2*s = 3*r - 73. Calculate the greatest common factor of r and c.
5
Let z be (-5)/((-70)/(-8)) + (-46)/(-7). What is the highest common factor of z and 6?
6
Suppose 4*u - 8 = -4*x + 8, u + 5*x = 0. Suppose -87 = -u*r - 4*z, -z - 1 = -4. Suppose -2*n + r = -n. What is the highest common divisor of n and 6?
3
Let f(l) = 36*l + 4. Let m be f(6). What is the greatest common factor of m and 88?
44
Let x = -9 + 9. Suppose -4*i + 48 + 16 = x. Suppose -b + 39 - 11 = 4*f, i = -4*b. What is the greatest common factor of f and 20?
4
Suppose 0 = x + 3 - 14. Suppose -2*w + 16 = -4*s, -111 = -5*w - 5*s - 41. Let m = w - x. Calculate the highest common factor of 3 and m.
1
Let j(g) = -8*g - 3*g**2 - g**3 - 9 + 11*g**2 + 26. Let a be j(7). Calculate the highest common divisor of 70 and a.
10
Let k be (-1*1)/(1/(-2)). Let g be (-5 - -6)/(k/36). Calculate the highest common factor of 27 and g.
9
Let s(w) = w**2 - 20*w + 84. Let j be s(17). Calculate the highest common factor of j and 121.
11
Suppose -n + 17 = -4. Calculate the greatest common divisor of 28 and n.
7
Suppose 3*q - 197 = -2*m, 6*q - 3*q = 15. What is the greatest common factor of m and 13?
13
Let s = -29 + 41. Let w = 30 + s. Suppose -5*z + 29 + 1 = 0. What is the greatest common factor of w and z?
6
Let a be (-1)/(-2) + (-7)/(-2). Suppose 82 = a*u + 22. Calculate the greatest common factor of u and 10.
5
Let w(i) = i - 2. Let y be w(3). Let g be ((-9)/(-4))/(y/8). Suppose -5*v + g = -132. What is the highest common factor of v and 12?
6
Let d(z) = -7*z**2 - 2*z + 1. Let j be d(1). Let o = j - -53. What is the greatest common factor of o and 18?
9
Let k = 20 + -17. Let h(i) = i**2 + 3*i - 3. Let l be h(-6). What is the greatest common divisor of l and k?
3
Suppose 2 = -2*i - 4. Let p = 5 + i. Suppose 2*h - 22 = -4*a, p*h - 4*a + 0 = -2. Calculate the greatest common factor of 25 and h.
5
Let t be (24/10)/((-2)/(-10)). Let k = 19 - t. What is the greatest common factor of k and 35?
7
Let i = -11 - -29. What is the greatest common divisor of 27 and i?
9
Let r(y) = -y**3 - y**2 - y + 26. Let t be r(0). Let w = -125 + 189. Let b = w + 1. Calculate the greatest common factor of t and b.
13
Let i be 27/(-36) + 127/4. Suppose i + 77 = 4*x. Let f = 87 + x. What is the greatest common divisor of f and 19?
19
Suppose 0 = 5*a + 8 - 218. Let x(g) = g**3 - 9*g**2 - 6*g + 9. Let r be x(9). Let i be r/(-6)*(-126)/(-15). What is the highest common divisor of i and a?
21
Let j be (-55)/(-44) + (-679)/(-4). Calculate the highest common factor of 38 and j.
19
Suppose 4*q + 224 = 4*f + 3*q, 0 = -f - 3*q + 43. Let r(p) = p + 2. Let u be r(3). What is the greatest common factor of f and u?
5
Suppose -2*j = 3*s + 3*j - 241, 2*j + 62 = s. What is the highest common factor of s and 18?
18
Let g be (-76)/(-4) - (-3 + 7). What is the highest common divisor of 105 and g?
15
Let i(j) be the first derivative of -3*j**2 - 2. Let q be i(-4). Calculate the greatest common factor of q and 216.
24
Suppose 8 = -35*i + 37*i. What is the greatest common factor of i and 8?
4
Let d be 11 - (-3 - 6)/3. Calculate the highest common divisor of d and 70.
14
Let b(r) = -20*r**3 + r**2 + 4*r. Let q be b(-2). Calculate the greatest common factor of 12 and q.
12
Let l(b) = b**3 - b**2 - b - 7. Let c be l(3). What is the greatest common divisor of 8 and c?
8
Let z(q) = 11*q - 5. Let s be z(5). Let o be 8 - ((-4)/(-2) - 4). What is the highest common divisor of s and o?
10
Let i(q) = -q**2 + 13*q - 10. Let p be i(12). What is the greatest common factor of 18 and p?
2
Let n be (9/6 - 2)*-4. Suppose l - n*u = 4, -3*l + 3*u - 2*u + 2 = 0. Suppose l*o = 2*o - 90. Calculate the highest common factor of 15 and o.
15
Let p be 36/(-14)*7/(-1). Calculate the highest common factor of 36 and p.
18
Suppose -3*f + f + 84 = 0. Suppose d + f = 2*d. Calculate the highest common divisor of d and 14.
14
Let z be -1 + 0/(-1) + 4. Suppose q - z*q + 114 = 0. Suppose 0 = 2*n + 3*b - 8*b - q, -3*n = 3*b - 33. Calculate the greatest common factor of n and 32.
16
Suppose 2*o - 27 - 35 = -2*z, 0 = o + 2. Let b = -3 + z. Calculate the greatest common factor of 6 and b.
6
Suppose 5 = -3*s + 5*y + 1, -s = 5*y - 12. Let a = 74 - 52. Calculate the highest common divisor of a and s.
2
Let c be 2/4 + 1/(-2). Suppose c*q - 14 = -5*q + 3*o, 5*o + 19 = 4*q. Let r be (6/(-21))/(q/(-7)). What is the highest common factor of 2 and r?
2
Let v(x) be the second derivative of x**4/6 + 5*x**3/6 - 7*x**2/2 - x. Let t be v(-5). What is the greatest common divisor of t and 27?
9
Let h(s) = -s**2 - 7*s + 1. Let k = -16 - -9. Let c be h(k). Suppose -2*z + 13 = -1. Calculate the highest common divisor of c and z.
1
Let a = 32 - 54. Let q = 65 + a. Let p = q - 22. Calculate the highest common divisor of p and 3.
3
Suppose -2*l = 2*l - 140. Calculate the highest common divisor of 5 and l.
5
Suppose 3*b - 4*h = 4, h - 18 = -b - 3*b. Let u(j) = 3*j**2 + 3*j - 4. Let c be u(b). What is the highest common factor of c and 7?
7
Suppose 4*t = -2*n + 40, -6*n + 105 = -2*n + 3*t. Calculate the highest common divisor of 6 and n.
6
Let f = 10 + -6. What is the greatest common divisor of f an